he remainder when 2 - (8/4 + h) is divided by 27?
26
Suppose -11*w + 7*w - 77 = -5*s, 3*s - 54 = 5*w. Calculate the remainder when 24 is divided by s.
11
Let l(q) = -q**2 + q + 4. Let n be l(3). Let i be (-1)/n*(0 - 0). Suppose -4*r + i*r = -296. What is the remainder when r is divided by 15?
14
Let y(d) = -16*d + 604. Calculate the remainder when 21 is divided by y(37).
9
Let s = 27 - -49. Suppose -56*u + 54*u + 4*p = -18, -5*u + 59 = 4*p. What is the remainder when s is divided by u?
10
Let w be (-4)/14 + (-46)/(-14). Suppose -3*q = -6*q + 9, -o + w*q - 9 = 0. Suppose 4*k + 0*k - 96 = o. Calculate the remainder when k is divided by 9.
6
Suppose 0*f + 6*f = 150. Calculate the remainder when 199 is divided by f.
24
Let z be -1 + -1 + (-2 - -1) + -13. Let j(s) = s**2 + 16*s + 25. Calculate the remainder when j(z) is divided by 6.
1
Suppose 74*i = 66*i + 3112. Calculate the remainder when i is divided by 78.
77
Let p be -2 + 3 - 14/2. Let g = 24 + p. Suppose -4*r = -2*s - 20, -3*s = -3*r - 0 + g. What is the remainder when 5 is divided by r?
1
Suppose -72 = -4*g - 5*q, 4*g - q - 4*q - 32 = 0. Suppose 387 = g*f - 4*f. Calculate the remainder when 126 is divided by f.
40
Let a be (6/4)/(6/224). Let x = 85 + -74. Suppose -a = -x*v + 7*v. What is the remainder when 41 is divided by v?
13
Suppose -5*b - 211 = -2*p, 3*p + 5*b - 210 = 69. What is the remainder when 387 is divided by p?
93
Let p(d) = -d**3 - 8*d**2 + 4*d + 20. Let n be p(-8). Calculate the remainder when 155 is divided by 39/6*n/(-2).
38
Suppose z = 9*n - 6*n + 45, 5*z - 5*n = 205. Calculate the remainder when 117 is divided by z.
0
Let x be 8/(0 + (-1 - -3)). Suppose 3*t - 4*r = 256, -3*t + 8*t + x*r = 384. What is the remainder when t is divided by 21?
17
Let r(x) = 8*x**3 + 2*x**2 - x + 3. What is the remainder when r(3) is divided by ((-6)/(30/295))/(2 + -3)?
57
Suppose -t + 17 = -3*r + 4*r, 5*r - t = 103. Calculate the remainder when 70 is divided by 2 + 0 - r/(-15)*12.
16
Let b(h) = 2*h + 8. What is the remainder when ((-22)/(-11))/(2 - 200/102) is divided by b(5)?
15
Let t = 68 + -43. Let g(m) = -2*m**3 - 9*m**2 - 9*m + 27. What is the remainder when g(-5) is divided by t?
22
What is the remainder when (-21)/(-3 + 192/39 + -2) is divided by 46?
43
Suppose k - 4*d = 105, 609 = 5*k - 10*d + 11*d. Calculate the remainder when k is divided by 69.
52
What is the remainder when 579 is divided by 4/(-38) - 1920/(-190)?
9
Suppose -2*f - 12 = -5*f. Let o = 756 + -753. What is the remainder when f is divided by o?
1
Let k(z) = 8*z**2 - 36*z - 15. What is the remainder when k(5) is divided by (-1)/(-4) - 7/(-4)?
1
Suppose -3*b + 22 + 11 = -5*k, k + 9 = b. Let m(z) = 3*z - 8. Suppose -3*t - 3 = -4*l, 10*t = 14*t + 4*l - 24. What is the remainder when m(b) is divided by t?
1
Let n = -407 + 460. What is the remainder when n is divided by 6?
5
Let u(w) = -w**3 + 6*w**2 - 6*w - 4. Let o be u(7). Let c = o + 148. What is the remainder when c is divided by ((-6)/(-9))/(1/42)?
25
Let o be 4 - 3/1 - -9. Let i(l) = 3*l**2 - 2. Let v be i(-2). Suppose o*f = 5*f + v. What is the remainder when f is divided by 2?
0
Let d be (-13)/(-3) - (-4)/6. Let s(y) = 3*y**2 - 2*y - 11. What is the remainder when s(d) is divided by (-2 - -5) + -1 - -12?
12
Suppose 39*y - 41*y = -124. Calculate the remainder when 183 is divided by y.
59
Suppose -3*o + 26 = -2*b - 143, -55 = -o + b. What is the remainder when o is divided by (24/7)/((-18)/(-63))?
11
Let a(d) = -4*d**3 - 24*d**2 + d + 22. Calculate the remainder when a(-6) is divided by 9.
7
Let g = 84 + -50. Let w = 77 + 92. Calculate the remainder when w is divided by g.
33
Let p(n) = n**2 + n + 42. What is the remainder when p(-10) is divided by 19?
18
Let a = -129 - -152. Calculate the remainder when a is divided by (-1)/(-2)*-2 - -7.
5
Suppose -6*i - 11*i = -1122. Calculate the remainder when 519 is divided by i.
57
Let o(v) = 2*v**2 + 13*v - 263. What is the remainder when 43 is divided by o(9)?
11
Let p = 40 - 36. Suppose -113 = -p*z - 9. Suppose x - 5*x = -36. Calculate the remainder when z is divided by x.
8
Let n be 2/(-5) + (-2376)/(-40). What is the remainder when (3 + 1 + n)*1 is divided by 16?
15
Suppose -68 = -2*r - 14. Let q = 1844 + -1828. What is the remainder when r is divided by q?
11
Let h be 0/2 + 44/(-11). Let v(o) = -12*o + 2. Let k(a) = 2*a**2 + a + 2. What is the remainder when v(h) is divided by k(-3)?
16
Suppose 6*r - 337 = -55. Suppose 3*j - r - 10 = 0. What is the remainder when 53 is divided by j?
15
Suppose 2*g - 45 = 21. Suppose 29 = 2*u - 7. What is the remainder when g is divided by 220/u - (-14)/(-63)?
9
Let i = 100 + 10. Calculate the remainder when i is divided by (5 + (-6 - 0))*-28.
26
Let z = 9 - -16. Suppose j - 493 = -4*q + 2*j, 5*j + z = 0. Calculate the remainder when q is divided by 41.
40
Let s = 17 + -13. Suppose 4*r - 4*m = 204, -s*r - 5*m + 333 = 111. Let j = -37 + r. What is the remainder when 62 is divided by j?
14
Let l(i) = i**3 + 7*i**2 - i - 7. Let q be l(-6). Let z = q - 27. Suppose -33 = 5*f - z*f. What is the remainder when f is divided by 6?
5
Let o(j) = j**2 + j + 7. What is the remainder when 106 is divided by o(5)?
32
Let j(v) = -v - 3. Let h be j(-6). Suppose h*s = 2*b - s + 10, 4*b - 24 = -3*s. What is the remainder when b is divided by 3?
0
Let i = 547 - 535. Let n(p) = -2*p**3 - 5*p**2 - 2*p + 1. Let z be n(-3). What is the remainder when (z/i)/((-4)/(-270)) is divided by 23?
21
Let x = 84 - 33. Suppose -4*z = o + z - 16, -z + 23 = 2*o. What is the remainder when x is divided by o?
7
Let t = 85 - 80. What is the remainder when 358/10 + t - 3/(-15) is divided by 15?
11
What is the remainder when ((9 - -3)/(-4))/(-1) is divided by 3/2*15/((-75)/(-10))?
0
Suppose 4*p + 79 = -5*q, -2*p + 5*p = -5*q - 78. Let n = q - -23. What is the remainder when 30 is divided by n?
6
Let u(m) = 4*m - 19. Let d be u(5). Let n be (-12)/d*95/76. Calculate the remainder when 126 is divided by (-3)/n*0 + 32.
30
Let j(q) = -q**3 - 6*q**2 - 7*q - 2. Let n = -13 + 8. What is the remainder when -1 + (0 - -3 - -29) is divided by j(n)?
7
Let f(n) = 14*n**2 - 2*n + 3. Suppose 0*l + 5*l = 0. Suppose l*q - 1 = q - 3*h, -57 = -3*q - 3*h. Calculate the remainder when f(2) is divided by q.
13
Let m(g) = 2*g**2 - 5*g - 2. Suppose -16*d + 8*d = -184. Suppose 3*i = -4*a + d + 87, 0 = -5*a - 5. What is the remainder when i is divided by m(4)?
8
Let h = 676 - 663. What is the remainder when 63 is divided by h?
11
Suppose -2*v - 3*v + 310 = 0. What is the remainder when v is divided by 9?
8
Suppose q + 16 = 3*v - 2, -5*v + 4*q = -37. Calculate the remainder when -56*-2*2/8 is divided by v.
3
Calculate the remainder when 1287 is divided by -30*(7 - 6)/(-1).
27
Let w = -750 - -869. Calculate the remainder when w is divided by 14.
7
Let u(y) = -2*y**3 - 6*y**2 - 15*y - 19. Calculate the remainder when 292 is divided by u(-5).
136
Let j(f) = f + 5. Let l(v) = v**2 + 20*v - 15. Calculate the remainder when j(5) is divided by l(-21).
4
Let c = -776 + 810. What is the remainder when 113 is divided by c?
11
Suppose t + 13 = 4*s, -2*t = 4*s + t + 7. Suppose s*z + 1 = 4*g + 7*z, -2*z + 6 = 3*g. Calculate the remainder when -2 + (-2 - -42)/2 is divided by g.
2
Let b = 1 + 1. Suppose -b*f = -5*o + 11, 5*f = -o + 1 + 12. What is the remainder when f is divided by 1?
0
Let m be 3/2 + (-62)/(-4). Suppose f + 6 = m. Suppose -6*i + f = -67. What is the remainder when 36 is divided by i?
10
Suppose -72 = -4*z + z. Let w = -17 + z. Suppose c + 186 = w*c. What is the remainder when c is divided by 11?
9
Suppose -5*r - 226 - 180 = -x, -2*x - 5*r = -782. Suppose x = 7*w - w. Calculate the remainder when w is divided by 14.
10
Suppose -3*a + c + 6 = -8, -4*a + 32 = -4*c. Suppose 4 = a*o - 53. Calculate the remainder when -37*(-1)/1*1 is divided by o.
18
Suppose -4*t - 3 = -5*t. Suppose t*u - 3 = 0, 0*b - 2*u - 378 = -5*b. Calculate the remainder when b is divided by 42.
34
Let k(p) = 2*p + 1. Suppose -3*r + 30 = 2*r. Suppose -16*f - 236 = -1036. Calculate the remainder when f is divided by k(r).
11
Let z be (-2)/(-5) - (-4)/(-10). Suppose -43*y + 47*y = 28. Suppose z = y*v - 10*v + 78. What is the remainder when v is divided by 7?
5
Let s = 3 - 0. Suppose s*t - l